at is the tens digit of i?
1
Let m = 3 + -4. Let f be 24 - (2 + 1/m). Suppose -4*t + q - 1 = -56, -2*t = -5*q - f. What is the units digit of t?
4
Suppose 2*i + h = 17, h = 4*i - 3*h - 52. What is the tens digit of i/2*28/10?
1
Suppose 5*k + 2*l - 179 = -51, 82 = 3*k - 4*l. What is the tens digit of k?
2
Let w(m) = 4*m - 5. Suppose -27 = 5*q + 2*u + 342, -2*q - 156 = -2*u. Let z be ((-1)/3)/(5/q). What is the tens digit of w(z)?
1
Suppose 4*u + t + 19 = 5*u, 4*u - 79 = 3*t. Suppose 2*n - u = -0*n. What is the tens digit of n?
1
Let s(t) = -t + 11. Let u be ((-20)/6)/((-6)/9). Suppose -q - u = a - 2*a, 15 = 3*a. What is the tens digit of s(q)?
1
Suppose -3*j - j = -12. Suppose 0 = 3*n - j, 2*x + 2*x = -3*n + 35. What is the units digit of x?
8
Suppose -3*q + 2*v + 22 = 0, 5*v = -2*q + v + 20. Let m(o) = 3*o - 7. What is the units digit of m(q)?
7
Suppose 5*x + 18 = b - 7, -3*b = -x + 9. What is the units digit of x/(-27) - 345/(-27)?
3
Let a = 1 - -7. Let h = 18 - a. Suppose -3*y = -y - h. What is the units digit of y?
5
Let w(v) = 4*v + 3*v - 4 + 0*v + 0*v. What is the units digit of w(2)?
0
Let q = -4 + 7. Suppose 45 = 3*r - q*h, -3*h + 0*h + 3 = r. What is the units digit of r?
2
Let d be (-15 + 1)/(0 - -2). Let y = -6 - d. Suppose -38 = -4*l + h, 0 = -l - 5*h + h + y. What is the units digit of l?
9
Suppose -2*b = -4*b + 24. Suppose 2*r - b = r. What is the tens digit of r?
1
Suppose 0 = -6*g + 2*g - 916. What is the tens digit of g/(-11) + 8/44?
2
Let i = 32 + -20. Let a = 5 + i. What is the tens digit of a?
1
Let a(j) be the first derivative of j**4/6 + 4*j**3/3 + 3*j**2/2 - 3*j + 3. Let y(l) be the first derivative of a(l). What is the tens digit of y(-5)?
1
Let z(g) = g + 5. Let a be z(-3). What is the tens digit of 376/12 - a/6?
3
Let b(v) = 2*v**2 - 4*v + 2. Let m be -3 - (2 + 3 + -13). Suppose 0 = -4*j - 2*p + 4, -2*p + 3*p = -3*j + m. What is the units digit of b(j)?
8
Let m be -6*1*(-1 - -2). What is the tens digit of ((-3)/2)/(m/56)?
1
Suppose -12 = 4*k - 5*k. Let q = 12 + -8. Suppose -q*c + c = -k. What is the units digit of c?
4
What is the tens digit of (-982)/(-3) - (-1)/(-3)?
2
Suppose -4*k + i - 2*i = -114, 2*i = 2*k - 52. What is the units digit of k?
8
Let g(m) = 2*m**3 - 2*m**2 + m. Let s be g(1). What is the units digit of (-1 + 2)*(s + 3)?
4
Let c = 10 - 7. Suppose -c*y - 33 = -99. What is the tens digit of y?
2
Suppose z + 0*y = y + 8, 20 = -5*y. What is the units digit of z?
4
Suppose 3*l - 4*a = -2, 0 = -5*l + a + 29 - 4. Let y = 14 - l. What is the units digit of y?
8
Let a = -72 + 110. Let x = a - -7. What is the units digit of x?
5
Suppose 0 = d - 5*d - 3*t - 12, 3*d + 5*t + 20 = 0. Suppose b + 1 = d, 8*b = 3*m + 3*b - 8. Suppose 3 = 2*h - m. What is the units digit of h?
2
Let o(f) = 4*f + 1. Let x(q) = -q**3 - q**2 - 2*q - 1. Let c be x(-1). What is the units digit of o(c)?
5
Let h(c) = 8*c**2 + 6*c - 13. What is the units digit of h(4)?
9
Let n = 18 - 12. What is the units digit of 0/(-2) + n/2?
3
Let k = 5 - 5. Suppose -5*y + 5*g = -30, -4*y = -k*y + 4*g. Suppose -y*b - 2*b = -5. What is the units digit of b?
1
Let b(t) = t**3 + 6*t**2 + 5*t + 6. Let n be b(-5). Let v = 4 + n. What is the tens digit of v?
1
Let q be 10/(-1*(0 - 1)). Suppose 5*o + 4*w - 57 = -q, -4*w + 33 = 3*o. What is the units digit of o?
7
Let a = 68 - 257. What is the units digit of (4/(-12))/(3/a)?
1
Let i be 8/4 - 0/2. Let u be 1*(-8)/(i*-1). Suppose u*r - r - 24 = 0. What is the units digit of r?
8
Let x(h) = 2*h**2 + 3*h + 4. Suppose 5*f + 26 = 61. Let z = -10 + f. What is the units digit of x(z)?
3
Suppose 0 = j - 2 - 3. Suppose j*l - 83 = 22. What is the tens digit of l?
2
Suppose 0 = -2*v - 5*u + 151, 8*u - 83 = -v + 3*u. Suppose -3*g = g - v. Suppose -s = -2*s + g. What is the tens digit of s?
1
Suppose 5 = -5*s + q - 40, -4*s - 57 = -5*q. Let r = 13 + s. What is the units digit of r?
5
Suppose 0 = -b + 162 - 13. What is the units digit of b?
9
Suppose -4 = -2*f, 0 = -t - 5*f + 10 + 19. What is the tens digit of t?
1
Suppose -9 + 524 = 5*z. What is the tens digit of z?
0
Let r = 1 + 2. Suppose -b + r*b = 38. What is the tens digit of b?
1
Let v = 11 + 8. What is the units digit of v?
9
Suppose p - 2*m = 24, 5*m - 4*m = -5. Suppose -i - d = -16, 3*d + p = 5*i - 58. What is the units digit of i?
5
Suppose 0 = 4*a, 3*m + 2*a - 6 = 78. Suppose -m = -x - 7. What is the units digit of x?
1
Let d(h) = -h**2 + 5*h - 4. Let m be d(4). Suppose m = -f - 2*a - 5, -3*a + 0*a - 8 = f. What is the units digit of f?
1
Let l = -3 - -1. Let c be 6 + 2*l/4. Suppose 0*v - 4*b - 3 = v, -54 = -c*v + 3*b. What is the units digit of v?
9
Let q = 81 + -20. What is the units digit of q?
1
Let d(n) = -n**3 + 4*n**2 - 3*n + 3. Let k(b) = -b**2 - 5*b - 3. Let a be k(-2). What is the units digit of d(a)?
3
Let x = 4 + -4. Suppose -5*j - 10 = x, -2*k - 2*j = j. Suppose 0 = -k*l + l + 14. What is the units digit of l?
7
Suppose -51 = -4*q + 353. What is the hundreds digit of q?
1
Suppose -w + 8 = -3*k, 4*k + 7 = -1. Suppose 4*b + w*y - y + 7 = 0, -5*b = y + 8. What is the units digit of -8*(b - 0)/2?
4
Let h(t) = -t**3 + 6*t**2 + 9*t - 5. Let u be (14/8)/(1/4). Let a be h(u). What is the units digit of a + -2*3/6?
8
Let s(i) = i**2 + 35. What is the tens digit of s(11)?
5
Suppose -1 + 28 = 3*a. Let p(s) = 8*s + 4. Let t be p(a). What is the units digit of t/16 + (-1)/(-4)?
5
Let d(p) = 2*p**2 - 5*p - 4. What is the units digit of d(4)?
8
Let y(x) = x**3 + x**2 - 3*x - 1. Let f be y(-2). Let z be 1 - 3 - (-4 + 0). Let h = z - f. What is the units digit of h?
1
Let p(c) = -3*c + 4. What is the units digit of p(-8)?
8
Suppose 0 = -8*x + 6519 + 4329. What is the units digit of 8/44 - x/(-44)?
1
Let t(w) = -w**3 + 5*w**2 - 3*w - 1. Suppose -9 = -4*n + 7. What is the units digit of t(n)?
3
What is the tens digit of 95 - (-1 + 3 + -7)?
0
Let m(i) = -i**2 - 3*i + 4. Let q(l) = l - 1. Let d(g) = -m(g) - 5*q(g). What is the units digit of d(6)?
5
Suppose 6*w - 2*w = 52. What is the units digit of w?
3
Let n(y) = -5*y**3 - 4*y**2 - 2*y. Let a be n(-2). Suppose -2*t = -s - 29, -a = -2*t - s + 7. Let r = -11 + t. What is the units digit of r?
5
Let g(r) = r**3 + 9*r**2 - 12*r - 6. What is the tens digit of g(-9)?
0
Suppose -m + 6*m + 5 = 5*q, -5 = -5*q - m. What is the units digit of q?
1
Suppose 4*j + 5*f - 115 = 0, 4*f + 0*f - 137 = -5*j. Suppose -6*a + a + j = 0. What is the units digit of a?
5
Suppose 3*w + 3 = 2*c, 4*c - w + 3 = -4*w. Suppose c = -2*r - 10, -5*v - 2*r - 2*r = -45. What is the units digit of v?
3
What is the tens digit of ((-34)/(-6))/(14/42)?
1
Suppose -z = -5*o - 10, -5*o = -3*z + 12 - 2. Let j = o - 4. What is the units digit of 2/4 + (-27)/j?
5
Let k be 15/(-6)*2/(-5). Let f = 11 - k. Suppose 5*l - 20 = f. What is the units digit of l?
6
What is the tens digit of (-4)/(-22) - 1568/(-88)?
1
Suppose -2*z = -z - 5*a - 238, 4*a + 234 = z. What is the hundreds digit of z?
2
Let l(r) = 3*r**2 - 1. Let v be l(-1). Let i be (-2 - -2) + v - -2. What is the units digit of i/1*(-1)/(-2)?
2
Let n = 1 + 3. Suppose j - n = -1. Suppose -j*v + 3 = -0. What is the units digit of v?
1
Let z be (-3)/(-2) - (-77)/2. Suppose 84 = 4*v - 4*m, 0*v - z = -2*v + m. What is the units digit of v?
9
What is the units digit of 64/10 - (-2)/(-5)?
6
Suppose 3*c = -2*c + 15. Suppose 0 = -c*t - 2*t + 130. What is the units digit of t?
6
Let y = 75 + -40. What is the tens digit of y?
3
What is the tens digit of 1682/7 - 4*(-1)/(-14)?
4
Let k(b) = b**3 - 4*b**2 + b - 4. Let v be k(4). Suppose -3*a + 0*a + 84 = v. Suppose -3*i + 7*i = a. What is the units digit of i?
7
What is the units digit of 0/((-2)/(-2)) - -26?
6
Let q = -6 - 3. Let p(j) = j**3 + 9*j**2 + 3. What is the units digit of p(q)?
3
Let v(d) = d**2 + 4*d. Let l be v(-4). Let x be 3/((-9)/(-8))*6*5. Suppose l = i + 5*g + 1, -4*i - 2*g + x = -3*g. What is the units digit of i?
9
Let w be (0 - -2) + -5 + 14. Suppose -r = -w - 0. What is the tens digit of r?
1
Let p(z) = -z**3 + 9*z**2 - 6*z + 6. What is the tens digit of p(8)?
2
Let v(y) = -y**3 + 3. Let k be v(0). Suppose 50 = k*l - l. Let u = l + -15. What is the tens digit of u?
1
Suppose -2*j = j - 12. Suppose j*k - 21 - 15 = 0. What is the units digit of k?
9
Suppos